 Let w(r) = 8*s(r) + 5*u(r). Suppose 30 = 11*g - 47. What is w(g)?
26
Let f(n) = -n**2 - 8*n + 5. Let g be (-470)/(-30) + (-10)/6. Let w be g/(2*(-6)/6). Give f(w).
12
Suppose -81 = -2*f - 3*j, 3*f + 5*j = 3*j + 114. Let o = 29 + f. Let w(i) = 11*i - 11*i**2 - 36 + i**3 - 34 + o. Determine w(10).
5
Let x(t) be the first derivative of t**4/4 + 4*t**3/3 - 4*t**2 - 11*t + 2076. Determine x(-5).
4
Let n = 59 - 35. Suppose 2*x + n = -x + v, 23 = -2*x + 3*v. Let s(i) = -2 + 8 - 434114*i + 434108*i - i**2. Calculate s(x).
-1
Let d = -116 - -123. Let t be 7/(d/(-3))*1. Let n(k) = -1. Let z(j) = -j + 4. Let u(s) = -6*n(s) - z(s). Calculate u(t).
-1
Suppose 4*z - 7 + 31 = 0. Let x(c) = -c**3 - 4*c**2 + 3. Let d be x(-1). Let q(v) = 3 + v + 1 - 2 + d*v. Give q(z).
-4
Let b be 18/(-504)*-16*(-14)/4. Let w(t) = t**2 + 3*t + 5. Determine w(b).
3
Let c be (-181)/(-5)*145/29. Suppose 39*r = -c - 209. Let d(j) = j**3 + 10*j**2 - 3*j - 5. Determine d(r).
25
Suppose u = 7, -4*j - 68*u + 72*u - 20 = 0. Let h(a) be the second derivative of -a**j + 2*a + 0 - 2/3*a**3. Calculate h(2).
-10
Let o(s) = 5*s - 3. Suppose 5*h - 25 = 0, 0 = 4*f - 5*h - 0*h + 41. Let b = f - -8. Suppose 0 = -3*q + b + 5. Determine o(q).
12
Let m(a) = -4*a**2 + 4*a - 3. Suppose 2*l = 8*l + 12. Let r be (10/(-3) - 0)/(l/(-3)). Let j(u) = -5*u**2 + 5*u - 3. Let v(t) = r*j(t) + 6*m(t). Calculate v(0).
-3
Let t(p) = -2*p**3 - 34*p**2 + 52*p - 36. Let r(y) = y**3 + 15*y**2 - 23*y + 16. Let k(a) = 20*r(a) + 9*t(a). Give k(3).
20
Let g(k) = 4*k**3 - 7*k**2 - 9*k + 4. Let r(t) = -9*t**3 + 15*t**2 + 18*t - 9. Let q(p) = 7*g(p) + 3*r(p). Let n = -374 + 380. Calculate q(n).
19
Suppose 0 = -z + 3*j - 2, j - 5 = -z - 3. Let d(b) = 76*b + 1 - z - 36*b. What is d(1)?
40
Let c be (14/4 + -2)*(-39028)/(-2661). Let t(v) = 13*v - 284. Give t(c).
2
Suppose -8 = -4*t, 8*c = 6*c + 3*t - 6. Let i(q) = -q**3 - 3*q - 4. What is i(c)?
-4
Let o = -158 + 160. Suppose -7*j + 2*j - 43 = -3*f, o*j + 4*f = -12. Let z(g) = g + 5. Calculate z(j).
-3
Let g(a) be the third derivative of -a**4/6 + 21*a**2. Let w(r) be the first derivative of -r**2 + 44*r - 9. Let b be w(23). What is g(b)?
8
Suppose -x + 8*w + 8 = 0, -25*w - 30 = 3*x - 22*w. Let z(k) = -9*k - 39. Give z(x).
33
Suppose 2*d + 4 = -2*d, 5*x - 4*d = 19. Suppose 5*z - 4 = x*z. Let o(a) = 1 + 4*a - z*a - 3*a**2 - a. Determine o(2).
-9
Suppose k - 90 = -33. Let d = 51 - k. Let h(y) = -4*y**3 - 3*y**2 - 3*y - 2. Let g(a) = -9*a**3 - 7*a**2 - 7*a - 5. Let b(i) = d*g(i) + 14*h(i). What is b(2)?
-14
Let i(h) be the third derivative of 3*h**2 + 0*h + 1/12*h**4 + 3 + 11/6*h**3. Determine i(0).
11
Let w(i) be the first derivative of -i**4/4 + 2*i**3 - 3*i**2/2 + 3*i + 4478. What is w(7)?
-67
Let r(b) = 3*b**2 + 19*b + 103. Let p(k) = -4*k**2 - 28*k - 101. Let x(i) = -4*p(i) - 5*r(i). Calculate x(5).
-1
Let i(j) = 10*j - 239. Let y(x) = 6*x**2 - 12*x - 68. Let v be y(5). What is i(v)?
-19
Suppose 6*n - n + 10 = 0. Let d(p) = p + 8. Let z be d(n). Let y(f) be the second derivative of -f**4/12 + f**3 - 2*f**2 - 3*f. Give y(z).
-4
Let s(x) = 2*x - 1. Let t = 66 - 57. Let f be ((-3)/(-4))/(t/(-72)). Let q be (1 + -2)*-15*(-2)/f. Determine s(q).
9
Let s(l) = -l**2 - 12*l - 12. Let y(p) = -15*p + 4. Let a be y(1). Let d be s(a). Let i(o) be the first derivative of o**2/2 + o + 7. Give i(d).
0
Let d(j) be the first derivative of -j**4/2 - j**3 + 5*j**2 + 22*j - 1175. Give d(-2).
6
Let z be (-2)/((-20)/15)*(-8)/(-6). Let v(j) = -4*j - 12*j**2 - z + 4 + 10*j**2 + j**3 - j. Determine v(4).
14
Let t be ((-4)/6)/((-97)/(-96) + -1). Let k = -199 + 136. Let n = k - t. Let v(j) = -5*j**3 + j**2 - 2*j + 1. What is v(n)?
-5
Let l = 1312 - 1321. Let y(i) = -9*i - 71. Give y(l).
10
Let a(s) = 7*s + 1472 + 1493 - 2993. What is a(7)?
21
Let f(z) = 24*z - 245. Suppose -5*r + 34 = 2*x, 3679*r - 2*x = 3681*r - 4. Calculate f(r).
-5
Suppose -21*l = -29*l + 64. Let t(n) = 8 - l + 207*n**2 + n - 209*n**2. Calculate t(-2).
-10
Suppose l = -5*z - 30, -2*z - 5*l + 53 = -6*z. Let u(i) = 80 + 0*i + 105 + 5*i - 4*i - 194. Determine u(z).
-16
Let k(q) be the third derivative of -q**4/2 - q**3/2 + 26*q**2 - 21*q. Determine k(1).
-15
Let p = 8 + -6. Let a(y) be the second derivative of 5*y**3/6 - 3*y**2 - 244*y + 3. Give a(p).
4
Let f(u) = 2*u**2 + 3*u + 7. Let a be f(0). Let g be 35/a + -1 + -6. Let j(r) = -r**2 - 2*r - 3. What is j(g)?
-3
Let j(m) be the first derivative of m**6/120 + m**5/6 - 5*m**4/12 + 7*m**3/3 + 43*m**2/2 + 102. Let v(h) be the second derivative of j(h). Determine v(-11).
3
Let y(o) = -14*o**2 + 113*o - o**3 - 20 - 34*o - 49*o + 2*o**3 - 44*o. Determine y(15).
-5
Let c = -56 - -61. Suppose -3*k - 113 = -c*v, -80 = -4*v - k + 6*k. Suppose -3*y + 1 = -3*o + v, 5*y = 3*o - 30. Let p(n) = -n**2 + 4*n + 2. Determine p(o).
-3
Let h(b) = 438 - 2880*b**2 - 2881*b**2 - 2885*b**2 + 8645*b**2 - 54*b. Determine h(7).
11
Let z(x) = -7*x - 31. Suppose -5*a + a + 68 = 0. Suppose 0 = -3*b - a + 5. Let p(d) = 3*d + 15. Let i(j) = b*z(j) - 9*p(j). Give i(8).
-3
Suppose 6*z - 587 = -563. Suppose -14 = -z*s - 4*k + 2, 4*k = s + 1. Let h(o) = -3*o - 4. Give h(s).
-13
Let g(h) = 20*h**2 - 14*h + 21. Let d(k) = -31*k**2 + 22*k - 33. Let t(w) = 11*d(w) + 17*g(w). What is t(4)?
-6
Let q = -5 - -9. Let u(g) = -q*g**3 - 4*g + 5*g**2 + 4 - g**3 + 4*g**3 + 0*g**3. Let r = 264 + -261. Calculate u(r).
10
Suppose 0 = r + 5*k + 8 + 1, 2*k - 14 = -2*r. Let y(d) = -r*d + 26*d - 14*d. Give y(-11).
-11
Let a(q) = 13*q**3 + 2*q**2 - 2*q. Let b(t) = 3*t + 16. Let u be b(-5). Calculate a(u).
13
Let b(g) = g**2 + 6*g. Let n = 71 + -67. Suppose -16 = -l + n. Let r = l + -26. Calculate b(r).
0
Let u(i) = -26*i + 19. Let v be (6/(-42)*-2)/(5/70*2). What is u(v)?
-33
Let n(k) be the third derivative of 3/2*k**3 + k - 2*k**2 + 0 + 1/12*k**4 - 1/120*k**6 + 1/15*k**5. Calculate n(5).
-6
Let t(h) = h**2 - 26*h + 2. Suppose 5*q + 2*p + 15 - 145 = 0, 5*p = 0. Give t(q).
2
Let w(l) = -4*l**2 - 9*l + 12. Let b(z) = 5*z**2 + 8*z - 13. Let a(v) = -5*b(v) - 6*w(v). Let t = 252 + -243. Determine a(t).
38
Let u(z) = 2*z**2 - 7. Let m be (9/(-2))/(7/(3640/(-30))). Let f = 81 - m. What is u(f)?
11
Let v be -2 - 5/((-15)/24). Let z(q) = -2*q - 4. Let w(h) = -4*h - 25. Let c(x) = w(x) - 3*z(x). What is c(v)?
-1
Let c(b) be the first derivative of b**4/4 + 13*b**3/3 - 49*b**2/2 - 12*b - 2193. Give c(-16).
4
Let j(i) = i**2 - 8*i - 12. Let l = 728 + -724. Suppose 0 = 3*n + l*f - 7, n + 5*f = 4*n - 52. Determine j(n).
-3
Let p be 10 + 2170/(-168) - -3. Let y(j) be the second derivative of p*j**4 + 0 - 7/2*j**2 + 1/6*j**3 + 34*j. Give y(0).
-7
Suppose 30*r - 156 = 17*r. Suppose 8*p - 120 = -r*p. Let q(y) = -y**2 + 5*y + 6. Determine q(p).
0
Let s(o) = o**3 + 4*o**2 - o - 25. Let t(i) = i**2 + 35*i - 74. Let q be t(2). Calculate s(q).
-25
Let p(v) = -5*v**2 - 2*v + 1. Let i(n) = 2*n. Let r be i(3). Let w = -694 - -696. Suppose w*y - r = -2*f, 5*y + 2*f - 2 = 7. Calculate p(y).
-6
Let x(d) = -6*d**2 + 10*d**2 + 6*d**2 - 4*d - 5*d**2 + 4*d**2 + 2. Give x(1).
7
Let b = 1 + 2. Let h(f) be the third derivative of -f**6/120 + f**5/30 + f**4/4 - 7*f**3/6 - f**2 - 585*f - 4. What is h(b)?
2
Let b(y) = -y**3 - 4*y**2 + 4*y - 5. Let r(c) = 572*c**3 - 4*c**2 - 13*c - 10. Let k be r(-1). Let h = -578 - k. What is b(h)?
0
Let x(d) = -2*d**3 - d + 1. Let v be x(0). Let g be (v + 49/3)*18/12. Let i = 20 - g. Let j(r) = r - 6. Give j(i).
-12
Let y = -190 + 46. Let r be ((-2)/(-9))/((-16)/y). Let j(l) = 9*l**2 - 23*l**2 + 1 + 15*l**r + 5*l. What is j(-4)?
-3
Let q(a) = 4*a + 47. Let z = 4262 + -4275. Give q(z).
-5
Let o = -402 - -567. Let j(d) = -1 + 164*d - 1 - o*d. Determine j(-8).
6
Let n(g) be the first derivative of -116*g**2 - 111*g**2 - 178 + 226*g**2 + 11*g. Give n(10).
-9
Suppose 14*h = 4*h - 470. Let n = h + 50. Let y(j) = 2 - 5 + 5*j**2 - 6*j**2 - n*j + 0. What is y(-5)?
-13
Let u(h) be the second derivative of 0 + 1/6*h**3 + 15/2*h**2 + 310*h. What is u(0)?
15
Suppose 4*p = -4*b, 9*p = 4*p - 20. Let w(u) = -1 - b - 5 + u**2 + 11. Suppose 5*v + x - 5 = -0*x, v + x = 5. Give w(v).
1
Let c = -47 + 49. Let h(y) = 7*y**2 + 7*y - 2*y**2 - 3*y**2 - 3*y**c - 5. Let o = 701 - 696. Give h(o).
5
Suppose -1327*a + 1350*a + 529 = 0. Let m(x) = -x**3 - 20*x**2 + 67*x -